e remainder when 136 is divided by h.
44
Suppose -5*x + 226 = -7*x. Let f = x - -159. What is the remainder when f is divided by (100/(-6))/((-22)/33)?
21
Suppose -266 = 14*i - 33*i. What is the remainder when 827 is divided by (-5)/10 - (-973)/i?
68
Let l(t) be the third derivative of -7*t**4/24 + 59*t**3/6 - 25*t**2 - 1. Calculate the remainder when l(7) is divided by 10.
0
Let p = -44 - -35. Let u(g) = -g + 12. Let d be u(p). Suppose 17*m - d*m = -412. What is the remainder when m is divided by 26?
25
Suppose -8*k + 9*k + 9 = -3*c, 3*k = -5*c - 15. Suppose k = -0*r - 14*r + 98. Calculate the remainder when 62 is divided by r.
6
Let d(x) = -x**3 - 28*x**2 + 22*x - 35. What is the remainder when 855 is divided by d(-29)?
15
Suppose -1070 = 40*c + 59*c - 313*c. Suppose 0 = 3*r + 2*s - 65, -7*r + 2*r - s = -113. Calculate the remainder when r is divided by c.
3
Suppose -201*u - 833 = 64*u + 59*u - 2777. Suppose 0 = 3*x + 2*x - 15. Suppose -x*z + 33 = -27. What is the remainder when z is divided by u?
2
Calculate the remainder when 1 - 5 - 22*(-100)/40 is divided by 11.
7
Let n = -218 + 228. Let z(i) = 3*i**3 - 16*i + 23*i - 10*i - 20 - 16*i**2 - 4*i**3. What is the remainder when z(-16) is divided by n?
8
What is the remainder when 885 - ((-13)/(273/(-18)))/((-1)/7) is divided by 16?
11
Suppose 0*o + 2*o = 15 + 635. Calculate the remainder when o is divided by 19.
2
Let m(u) = -4*u**3 - 1. Let q(x) = -2*x**2 - 13*x + 17. Let s be q(-8). Let v(b) = b**3 + 8*b**2 + b - 7. Calculate the remainder when v(s) is divided by m(-2).
4
Let a(i) = 3*i + 137. Let f(n) = -4*n. Let b(g) = a(g) - 4*f(g). Calculate the remainder when b(-5) is divided by 5.
2
Suppose u + 7 = 0, -5*g + 119 = -3*g - 3*u. Let r be (6/(-4))/((-6)/8). Suppose 0*t - 50 = -r*t. What is the remainder when g is divided by t?
24
Let v = -906591 - -906606. Suppose -2*z - 2*z = 0. Suppose z = -h + 30 - 1. Calculate the remainder when h is divided by v.
14
Let h = 3492 - 3489. Calculate the remainder when 16 is divided by h.
1
Suppose -v = -5*k + 531, -9*k + 4*v + 322 = -6*k. Let c = 3083 - 3056. What is the remainder when k is divided by c?
25
Let s(o) = o**3 + 12*o**2 + 9*o - 25. Let a be s(-11). Calculate the remainder when 28/a*(0 - 9)/3 is divided by 5.
3
Let u(j) = -2*j**3 - 3*j**2 + 3*j + 5. Suppose 0 = 4*h + 75 - 331. Suppose 4*a + 4*i - 358 = -86, a = i + h. Calculate the remainder when a is divided by u(-3).
20
Let p(f) = f**2 - 32*f - 73. What is the remainder when 3917 is divided by p(-5)?
109
Let k(c) = -257*c - 5450. What is the remainder when k(-22) is divided by 24?
12
Suppose 8*m - 5*m - 375 = 3*h, 5*h - 131 = -m. What is the remainder when m is divided by (16/200*-10)/((-1)/20)?
14
Let c(t) = 2*t - 6*t + 0*t + 3*t. Let z be c(7). What is the remainder when (-84)/(-49) - 2/z is divided by 1?
0
Suppose 0 = 2*p + 3*p - 90. Suppose -5*t - 1375 = -5*h, 11*t = 7*t - 20. Let l = 341 - h. Calculate the remainder when l is divided by p.
17
Suppose 0 = c + 3*c - 3*o - 141, -2*c + 2*o + 70 = 0. Suppose -4*n + 5*u = 0, n - 8 - 3 = 4*u. Calculate the remainder when c is divided by 19*n/(-4 + -1).
17
Suppose 407*q - 1613031 - 1011712 = 0. Calculate the remainder when q is divided by 6.
5
Let g(u) = -u + 7. Let m be g(7). Suppose m = 15*c - 0*c - 375. What is the remainder when c is divided by 11?
3
Let o(d) = -d**3 - 42*d**2 - 310*d - 293. What is the remainder when 1098 is divided by o(-33)?
10
Let p = 7555 + -7322. What is the remainder when 251 is divided by p?
18
What is the remainder when 1312 is divided by -4*(-3)/18 - (4290/(-45) - -8)?
80
Let m = 1210 - 1169. Calculate the remainder when 117 is divided by m.
35
Let z = -2917 - -4750. Calculate the remainder when z is divided by 34.
31
Let r be (-138)/(-2) + -5 + 5. Suppose 3*k = 5*o - 0*k - r, 65 = 5*o - 5*k. Calculate the remainder when 88 is divided by o.
13
Let f = 24 - -9. Let s(r) = 5*r + 3. Let y be s(0). Suppose 0*k - y*n = 2*k - 135, 0 = 4*k - 3*n - 243. What is the remainder when k is divided by f?
30
Suppose 5*o - 15 = 0, 2*m + 82 + 16 = 4*o. Let a = 74 + m. Calculate the remainder when a is divided by 3.
1
Let j = 25 + -25. Suppose j = 2*s + p, -2*p = -3*s + p + 18. Suppose -128 = -u - 5*x, s*x - 476 = -4*u - 0*x. What is the remainder when u is divided by 40?
38
Let s be 4/10*(-1 - -556). Suppose -2*p - 206 = -4*r, -5*r = -5*p - 43 - s. What is the remainder when r is divided by 4?
2
Suppose 4*s = -2*h + 18, 14*s - 11*s = 5*h - 19. Calculate the remainder when 1918 is divided by h.
3
Let b(d) = 12*d - 59. Let v be b(6). Suppose -v*f + 18*f = 65. Calculate the remainder when 74 is divided by f.
9
Let p = -53 - -53. Let k(o) be the second derivative of -o**3/6 + 24*o**2 + o. What is the remainder when 93 is divided by k(p)?
45
Let c = -983 + 1555. Calculate the remainder when c is divided by 28.
12
Suppose -w - w - 781 + 937 = 0. Calculate the remainder when 1402 is divided by w.
76
Let f be 4/18 - 10/135*-483. Let l = 37 + -62. Let m = f + l. Calculate the remainder when 40 is divided by m.
7
Let z(j) = -9*j + 59. Suppose 4*p + 6*w - 20 = 3*w, -5*w - 20 = -4*p. Calculate the remainder when 95 is divided by z(p).
11
Suppose 3887 = -12*c + 5483. Calculate the remainder when 369 is divided by c.
103
Let s(r) = -25*r + 30. Let f(k) = -99*k + 120. Let z(b) = -5*f(b) + 21*s(b). Calculate the remainder when z(-4) is divided by 8.
6
Let c = 4 + 7. Suppose 5*o = 3*p + 1859 + 2554, 0 = -4*p + 16. Suppose -o = 12*i - 897. What is the remainder when c is divided by i?
0
Let r = 64 + -32. Let u = 3379 + -3126. Calculate the remainder when u is divided by r.
29
Let m = 12 + 13. Let y = 31854 + -31829. Calculate the remainder when m is divided by y.
0
Let l = 178 - 173. Suppose 3*k - 27 - 312 = -5*i, -5*k = -l*i + 315. Calculate the remainder when i is divided by 37.
29
Let l = -5972 + 6001. What is the remainder when 412 is divided by l?
6
Let j = -1695 + 2223. What is the remainder when j is divided by 108?
96
Suppose 110*z - 5328 = 3681 + 3257 - 606. Suppose -48 = n - 2*n. Calculate the remainder when z is divided by n.
10
Let y be (((-216)/20)/3)/(2/(-5)). Suppose -18*u + 153 = -y*u. Calculate the remainder when 78 is divided by u.
10
Let m = -622 - -625. Let q(u) = -u**3 + 2*u**2 + 8*u - 9. Let w = 53 - 32. What is the remainder when w is divided by q(m)?
3
Let s = 1076 - 1055. Calculate the remainder when 54*(14/(-6) - -3) is divided by s.
15
Let t(l) = 44*l + 136. What is the remainder when 140 is divided by t(-2)?
44
Let b(h) = -56*h - 9. Let d be b(-2). Let y = -65 + d. Calculate the remainder when 150 is divided by y.
36
Suppose 21 = -s - 4*q, s + 0*q + 6 = q. Let g(u) = -3*u**2 + 5*u + 6. Let a be g(6). What is the remainder when (-443)/s - (-16)/a is divided by 17?
15
Let s = 64 - 39. Let k = -1968 + 2084. What is the remainder when k is divided by s?
16
Let y(p) = 11*p**2 - 6*p - 83. Calculate the remainder when y(9) is divided by 5.
4
Let y(i) = -i**3 - 8*i**2 - i + 10. Calculate the remainder when (1/(-6)*3)/((-29)/4060) is divided by y(-8).
16
Let a be -3 - -3*3/((-18)/(-14)). Let p be ((-57)/(-9))/(a/108). Suppose 7*f - p = -2*f. What is the remainder when 48 is divided by f?
10
Let p = -2298 - -2512. Calculate the remainder when p is divided by 48.
22
Suppose -l + 8 = -0*l. Let q(h) be the third derivative of -13*h**4/24 + 26*h**3/3 - 109*h**2. What is the remainder when q(3) is divided by l?
5
Let d(g) = -53*g + 485. Let o be d(9). Suppose -6*z + 11*z + 100 = 0. What is the remainder when 37 is divided by ((z/6)/(-1))/(o/48)?
17
Suppose -2*f + 3 = -3. Let k(i) = i**3 + 3. Let u(n) = n**3 - 30*n**2 + 31*n - 54. Calculate the remainder when k(f) is divided by u(29).
2
Suppose 17*y = x - 2300, 58 - 46 = 3*y. What is the remainder when x is divided by 45?
28
Suppose -t - 478 = -5*q, -t - 3*q = -2*t - 488. Let d = -466 - t. What is the remainder when 116 is divided by d?
5
Suppose -55*w - 84*w + 8976 = -89575. What is the remainder when 2845 is divided by w?
9
Suppose -3*x = -7*x + 496. Let k be ((-7)/(-4))/(995/(-200) - -5). Suppose 5*g + 0*g = k. Calculate the remainder when x is divided by g.
12
Let f(w) = -3*w + 4. Let r be 5 + 116/(-20) + (-6845)/(-25). Let q = r - 259. What is the remainder when f(-10) is di